{"id":1775,"date":"2023-11-19T17:00:53","date_gmt":"2023-11-19T16:00:53","guid":{"rendered":"https:\/\/europedirect.reggiocal.it\/storiecircolari\/?page_id=1775"},"modified":"2023-11-19T17:33:30","modified_gmt":"2023-11-19T16:33:30","slug":"blog-2","status":"publish","type":"page","link":"https:\/\/europedirect.reggiocal.it\/storiecircolari\/blog-2\/","title":{"rendered":"Blog"},"content":{"rendered":"\t\t<div data-elementor-type=\"wp-page\" data-elementor-id=\"1775\" class=\"elementor elementor-1775\">\n\t\t\t\t\t\t<section class=\"elementor-section elementor-top-section elementor-element elementor-element-093a04b elementor-section-boxed elementor-section-height-default elementor-section-height-default\" data-id=\"093a04b\" data-element_type=\"section\">\n\t\t\t\t\t\t<div class=\"elementor-container elementor-column-gap-default\">\n\t\t\t\t\t<div class=\"elementor-column elementor-col-100 elementor-top-column elementor-element elementor-element-bed6972\" data-id=\"bed6972\" data-element_type=\"column\">\n\t\t\t<div class=\"elementor-widget-wrap elementor-element-populated\">\n\t\t\t\t\t\t<div class=\"elementor-element elementor-element-6b85b3e elementor-widget elementor-widget-wp-widget-widget_single_post\" data-id=\"6b85b3e\" data-element_type=\"widget\" data-widget_type=\"wp-widget-widget_single_post.default\">\n\t\t\t\t<div class=\"elementor-widget-container\">\n\t\t\t<h5> <\/h5>\n                <article id=\"post-1797\" class=\"row post-1797 post type-post status-publish format-standard hentry category-green-deal\" > \n\n                  <div class=\"col-md novita-testo\">\n                    <header class=\"entry-header\">\n                      <h2>\n                        <a href=\"https:\/\/europedirect.reggiocal.it\/storiecircolari\/2023\/11\/19\/settimana-europea-per-la-riduzione-dei-rifiuti-non-farti-imballare-tu-puoi-fare-la-differenza\/\" title=\"Settimana Europea per la Riduzione dei Rifiuti. Non farti imballare. Tu puoi fare la differenza!\">\n                          Settimana Europea per la Riduzione dei Rifiuti. Non farti imballare. Tu puoi fare la differenza!                        <\/a>\n                      <\/h2>\n                    <\/header><!-- .entry-header -->\n                        \n                      <p>Settimana Europea per la Riduzione dei Rifiuti.Non farti imballare. Tu puoi fare la differenza! Il Centro Europe Direct e l\u2019Accademia di Belle Arti di Reggio &#8230; <\/p>\n                                        <!-- <a href=\"https:\/\/europedirect.reggiocal.it\/storiecircolari\/2023\/11\/19\/settimana-europea-per-la-riduzione-dei-rifiuti-non-farti-imballare-tu-puoi-fare-la-differenza\/\" title=\"Settimana Europea per la Riduzione dei Rifiuti. Non farti imballare. Tu puoi fare la differenza!\" class=\"btn btn-secondary btn-sm\">Leggi tutto<\/a> -->\n                    <p><a class=\"btn btn-outline-primary btn-xs\" href=\"https:\/\/europedirect.reggiocal.it\/storiecircolari\/category\/green-deal\/\">Green Deal<\/a> <\/p>\n                  <\/div>\n                                  <\/article><!-- #post-## -->\n\n                \n                <article id=\"post-1531\" class=\"row post-1531 post type-post status-publish format-standard has-post-thumbnail hentry category-green-deal category-laboratori tag-assessoratopolitichegiovanili tag-circulartextiles tag-cittadireggiocalabria tag-economiacircolare tag-europedirect tag-ewwr2022 tag-greendeal tag-irifiutisonofuorimoda tag-nonsijettanenti tag-reggiocalabria tag-retedelriuso tag-reuseuroperc tag-serr2022 tag-tessuticircolari tag-wasteisoutoffashion\" > \n\n                  <div class=\"col-md novita-testo\">\n                    <header class=\"entry-header\">\n                      <h2>\n                        <a href=\"https:\/\/europedirect.reggiocal.it\/storiecircolari\/2022\/10\/14\/laboratori-per-la-cittadinanza\/\" title=\"Laboratori per la cittadinanza sui temi del recupero, riparazione e riutilizzo\">\n                          Laboratori per la cittadinanza sui temi del recupero, riparazione e riutilizzo                        <\/a>\n                      <\/h2>\n                    <\/header><!-- .entry-header -->\n                        \n                      <p>Laboratori sulla sostenibilit\u00e0 Lo Europe Direct del Comune di Reggio Calabria in collaborazione con l&#8217;associazione Fare Eco, nell\u2019ambito della quarta edizione degli AperEurope, propone alla &#8230; <\/p>\n                                        <!-- <a href=\"https:\/\/europedirect.reggiocal.it\/storiecircolari\/2022\/10\/14\/laboratori-per-la-cittadinanza\/\" title=\"Laboratori per la cittadinanza sui temi del recupero, riparazione e riutilizzo\" class=\"btn btn-secondary btn-sm\">Leggi tutto<\/a> -->\n                    <p><a class=\"btn btn-outline-primary btn-xs\" href=\"https:\/\/europedirect.reggiocal.it\/storiecircolari\/category\/green-deal\/\">Green Deal<\/a> <a class=\"btn btn-outline-primary btn-xs\" href=\"https:\/\/europedirect.reggiocal.it\/storiecircolari\/category\/laboratori\/\">laboratori<\/a> <\/p>\n                  <\/div>\n                                  <\/article><!-- #post-## -->\n\n                \n                <article id=\"post-1115\" class=\"row post-1115 post type-post status-publish format-standard hentry category-green-deal\" > \n\n                  <div class=\"col-md novita-testo\">\n                    <header class=\"entry-header\">\n                      <h2>\n                        <a href=\"https:\/\/europedirect.reggiocal.it\/storiecircolari\/2022\/01\/05\/daniele-castrizio-un-green-deal-europeo\/\" title=\"Daniele Castrizio: un Green Deal europeo\">\n                          Daniele Castrizio: un Green Deal europeo                        <\/a>\n                      <\/h2>\n                    <\/header><!-- .entry-header -->\n                        \n                      <p>Il consiglio di lettura di Eligio Daniele Castrizio, docente del Dipartimento di Civilt\u00e0 antiche e moderne dell&#8217;Universit\u00e0 di Messina, per essere cittadini europei pi\u00f9 consapevoli.<\/p>\n                                        <!-- <a href=\"https:\/\/europedirect.reggiocal.it\/storiecircolari\/2022\/01\/05\/daniele-castrizio-un-green-deal-europeo\/\" title=\"Daniele Castrizio: un Green Deal europeo\" class=\"btn btn-secondary btn-sm\">Leggi tutto<\/a> -->\n                    <p><a class=\"btn btn-outline-primary btn-xs\" href=\"https:\/\/europedirect.reggiocal.it\/storiecircolari\/category\/green-deal\/\">Green Deal<\/a> <\/p>\n                  <\/div>\n                                  <\/article><!-- #post-## -->\n\n                \n                <article id=\"post-1\" class=\"row post-1 post type-post status-publish format-standard hentry category-green-deal\" > \n\n                  <div class=\"col-md novita-testo\">\n                    <header class=\"entry-header\">\n                      <h2>\n                        <a href=\"https:\/\/europedirect.reggiocal.it\/storiecircolari\/2022\/01\/04\/gabriele-checchia-green-deal-europeo\/\" title=\"Gabriele Checchia: Un Green Deal europeo\">\n                          Gabriele Checchia: Un Green Deal europeo                        <\/a>\n                      <\/h2>\n                    <\/header><!-- .entry-header -->\n                        \n                      <p>Il consiglio di lettura di Gabriele Checcia, gi\u00e0 ambasciatore d&#8217;Italia OCSE e NATO, per essere cittadini europei pi\u00f9 consapevoli sui temi del Green Deal europeo.<\/p>\n                                        <!-- <a href=\"https:\/\/europedirect.reggiocal.it\/storiecircolari\/2022\/01\/04\/gabriele-checchia-green-deal-europeo\/\" title=\"Gabriele Checchia: Un Green Deal europeo\" class=\"btn btn-secondary btn-sm\">Leggi tutto<\/a> -->\n                    <p><a class=\"btn btn-outline-primary btn-xs\" href=\"https:\/\/europedirect.reggiocal.it\/storiecircolari\/category\/green-deal\/\">Green Deal<\/a> <\/p>\n                  <\/div>\n                                  <\/article><!-- #post-## -->\n\n                \n                <article id=\"post-1226\" class=\"row post-1226 post type-post status-publish format-standard hentry category-green-deal\" > \n\n                  <div class=\"col-md novita-testo\">\n                    <header class=\"entry-header\">\n                      <h2>\n                        <a href=\"https:\/\/europedirect.reggiocal.it\/storiecircolari\/2021\/11\/29\/ridurre-al-minimo-e-ridurre-alla-fonte\/\" title=\"Ridurre al minimo e ridurre alla fonte\">\n                          Ridurre al minimo e ridurre alla fonte                        <\/a>\n                      <\/h2>\n                    <\/header><!-- .entry-header -->\n                        \n                      <p>Ridurre significa innanzitutto utilizzare meno risorse e produrre meno rifiuti. In altre parole occorre ridurre al minimo gli scarti anche alla fonte. La riduzione dei &#8230; <\/p>\n                                        <!-- <a href=\"https:\/\/europedirect.reggiocal.it\/storiecircolari\/2021\/11\/29\/ridurre-al-minimo-e-ridurre-alla-fonte\/\" title=\"Ridurre al minimo e ridurre alla fonte\" class=\"btn btn-secondary btn-sm\">Leggi tutto<\/a> -->\n                    <p><a class=\"btn btn-outline-primary btn-xs\" href=\"https:\/\/europedirect.reggiocal.it\/storiecircolari\/category\/green-deal\/\">Green Deal<\/a> <\/p>\n                  <\/div>\n                                  <\/article><!-- #post-## -->\n\n                \n                <article id=\"post-1134\" class=\"row post-1134 post type-post status-publish format-standard hentry category-green-deal\" > \n\n                  <div class=\"col-md novita-testo\">\n                    <header class=\"entry-header\">\n                      <h2>\n                        <a href=\"https:\/\/europedirect.reggiocal.it\/storiecircolari\/2021\/11\/29\/un-green-deal-europeo\/\" title=\"Un Green Deal europeo\">\n                          Un Green Deal europeo                        <\/a>\n                      <\/h2>\n                    <\/header><!-- .entry-header -->\n                        \n                      <p>I cambiamenti climatici e il degrado ambientale sono una minaccia enorme per l&#8217;Europa e il mondo. Per superare queste sfide, il Green Deal europeo trasformer\u00e0 &#8230; <\/p>\n                                        <!-- <a href=\"https:\/\/europedirect.reggiocal.it\/storiecircolari\/2021\/11\/29\/un-green-deal-europeo\/\" title=\"Un Green Deal europeo\" class=\"btn btn-secondary btn-sm\">Leggi tutto<\/a> -->\n                    <p><a class=\"btn btn-outline-primary btn-xs\" href=\"https:\/\/europedirect.reggiocal.it\/storiecircolari\/category\/green-deal\/\">Green Deal<\/a> <\/p>\n                  <\/div>\n                                  <\/article><!-- #post-## -->\n\n                \n                <article id=\"post-1150\" class=\"row post-1150 post type-post status-publish format-standard hentry category-green-deal\" > \n\n                  <div class=\"col-md novita-testo\">\n                    <header class=\"entry-header\">\n                      <h2>\n                        <a href=\"https:\/\/europedirect.reggiocal.it\/storiecircolari\/2021\/11\/26\/mappar3-mappatura-partecipata-per-promuovere-uno-stile-di-vita-piu-sostenibile\/\" title=\"MappaR3, mappatura partecipata per promuovere uno stile di vita pi\u00f9 sostenibile\">\n                          MappaR3, mappatura partecipata per promuovere uno stile di vita pi\u00f9 sostenibile                        <\/a>\n                      <\/h2>\n                    <\/header><!-- .entry-header -->\n                        \n                      <p>Lo Europe Direct di Reggio Calabria in collaborazione con Differenziamoci Differenziando, Fare Eco e Udicon in occasione della SERR (Settimana Europea per la Riduzione dei &#8230; <\/p>\n                                        <!-- <a href=\"https:\/\/europedirect.reggiocal.it\/storiecircolari\/2021\/11\/26\/mappar3-mappatura-partecipata-per-promuovere-uno-stile-di-vita-piu-sostenibile\/\" title=\"MappaR3, mappatura partecipata per promuovere uno stile di vita pi\u00f9 sostenibile\" class=\"btn btn-secondary btn-sm\">Leggi tutto<\/a> -->\n                    <p><a class=\"btn btn-outline-primary btn-xs\" href=\"https:\/\/europedirect.reggiocal.it\/storiecircolari\/category\/green-deal\/\">Green Deal<\/a> <\/p>\n                  <\/div>\n                                  <\/article><!-- #post-## -->\n\n                \t\t<\/div>\n\t\t\t\t<\/div>\n\t\t\t\t\t<\/div>\n\t\t<\/div>\n\t\t\t\t\t<\/div>\n\t\t<\/section>\n\t\t\t\t<\/div>\n\t\t","protected":false},"excerpt":{"rendered":"","protected":false},"author":1,"featured_media":0,"parent":0,"menu_order":0,"comment_status":"closed","ping_status":"closed","template":"page-fullwidth.php","meta":{"footnotes":""},"_links":{"self":[{"href":"https:\/\/europedirect.reggiocal.it\/storiecircolari\/wp-json\/wp\/v2\/pages\/1775"}],"collection":[{"href":"https:\/\/europedirect.reggiocal.it\/storiecircolari\/wp-json\/wp\/v2\/pages"}],"about":[{"href":"https:\/\/europedirect.reggiocal.it\/storiecircolari\/wp-json\/wp\/v2\/types\/page"}],"author":[{"embeddable":true,"href":"https:\/\/europedirect.reggiocal.it\/storiecircolari\/wp-json\/wp\/v2\/users\/1"}],"replies":[{"embeddable":true,"href":"https:\/\/europedirect.reggiocal.it\/storiecircolari\/wp-json\/wp\/v2\/comments?post=1775"}],"version-history":[{"count":10,"href":"https:\/\/europedirect.reggiocal.it\/storiecircolari\/wp-json\/wp\/v2\/pages\/1775\/revisions"}],"predecessor-version":[{"id":1795,"href":"https:\/\/europedirect.reggiocal.it\/storiecircolari\/wp-json\/wp\/v2\/pages\/1775\/revisions\/1795"}],"wp:attachment":[{"href":"https:\/\/europedirect.reggiocal.it\/storiecircolari\/wp-json\/wp\/v2\/media?parent=1775"}],"curies":[{"name":"wp","href":"https:\/\/api.w.org\/{rel}","templated":true}]}}

<div data-elementor-type="wp-page" data-elementor-id="1775" class="elementor elementor-1775">
						<section class="elementor-section elementor-top-section elementor-element elementor-element-093a04b elementor-section-boxed elementor-section-height-default elementor-section-height-default" data-id="093a04b" data-element_type="section">
						<div class="elementor-container elementor-column-gap-default">
					<div class="elementor-column elementor-col-100 elementor-top-column elementor-element elementor-element-bed6972" data-id="bed6972" data-element_type="column">
			<div class="elementor-widget-wrap elementor-element-populated">
						<div class="elementor-element elementor-element-6b85b3e elementor-widget elementor-widget-wp-widget-widget_single_post" data-id="6b85b3e" data-element_type="widget" data-widget_type="wp-widget-widget_single_post.default">
				<div class="elementor-widget-container">
			<h5> </h5>
                <article id="post-1797" class="row post-1797 post type-post status-publish format-standard hentry category-green-deal" > 

                  <div class="col-md novita-testo">
                    <header class="entry-header">
                      <h2>
                        <a href="https://europedirect.reggiocal.it/storiecircolari/2023/11/19/settimana-europea-per-la-riduzione-dei-rifiuti-non-farti-imballare-tu-puoi-fare-la-differenza/" title="Settimana Europea per la Riduzione dei Rifiuti. Non farti imballare. Tu puoi fare la differenza!">
                          Settimana Europea per la Riduzione dei Rifiuti. Non farti imballare. Tu puoi fare la differenza!                        </a>
                      </h2>
                    </header><!-- .entry-header -->
                        
                      <p>Settimana Europea per la Riduzione dei Rifiuti.Non farti imballare. Tu puoi fare la differenza! Il Centro Europe Direct e l’Accademia di Belle Arti di Reggio &#8230; </p>
                                        <!-- <a href="https://europedirect.reggiocal.it/storiecircolari/2023/11/19/settimana-europea-per-la-riduzione-dei-rifiuti-non-farti-imballare-tu-puoi-fare-la-differenza/" title="Settimana Europea per la Riduzione dei Rifiuti. Non farti imballare. Tu puoi fare la differenza!" class="btn btn-secondary btn-sm">Leggi tutto</a> -->
                    <p><a class="btn btn-outline-primary btn-xs" href="https://europedirect.reggiocal.it/storiecircolari/category/green-deal/">Green Deal</a> </p>
                  </div>
                                  </article><!-- #post-## -->

                
                <article id="post-1531" class="row post-1531 post type-post status-publish format-standard has-post-thumbnail hentry category-green-deal category-laboratori tag-assessoratopolitichegiovanili tag-circulartextiles tag-cittadireggiocalabria tag-economiacircolare tag-europedirect tag-ewwr2022 tag-greendeal tag-irifiutisonofuorimoda tag-nonsijettanenti tag-reggiocalabria tag-retedelriuso tag-reuseuroperc tag-serr2022 tag-tessuticircolari tag-wasteisoutoffashion" > 

                  <div class="col-md novita-testo">
                    <header class="entry-header">
                      <h2>
                        <a href="https://europedirect.reggiocal.it/storiecircolari/2022/10/14/laboratori-per-la-cittadinanza/" title="Laboratori per la cittadinanza sui temi del recupero, riparazione e riutilizzo">
                          Laboratori per la cittadinanza sui temi del recupero, riparazione e riutilizzo                        </a>
                      </h2>
                    </header><!-- .entry-header -->
                        
                      <p>Laboratori sulla sostenibilità Lo Europe Direct del Comune di Reggio Calabria in collaborazione con l&#8217;associazione Fare Eco, nell’ambito della quarta edizione degli AperEurope, propone alla &#8230; </p>
                                        <!-- <a href="https://europedirect.reggiocal.it/storiecircolari/2022/10/14/laboratori-per-la-cittadinanza/" title="Laboratori per la cittadinanza sui temi del recupero, riparazione e riutilizzo" class="btn btn-secondary btn-sm">Leggi tutto</a> -->
                    <p><a class="btn btn-outline-primary btn-xs" href="https://europedirect.reggiocal.it/storiecircolari/category/green-deal/">Green Deal</a> <a class="btn btn-outline-primary btn-xs" href="https://europedirect.reggiocal.it/storiecircolari/category/laboratori/">laboratori</a> </p>
                  </div>
                                  </article><!-- #post-## -->

                
                <article id="post-1115" class="row post-1115 post type-post status-publish format-standard hentry category-green-deal" > 

                  <div class="col-md novita-testo">
                    <header class="entry-header">
                      <h2>
                        <a href="https://europedirect.reggiocal.it/storiecircolari/2022/01/05/daniele-castrizio-un-green-deal-europeo/" title="Daniele Castrizio: un Green Deal europeo">
                          Daniele Castrizio: un Green Deal europeo                        </a>
                      </h2>
                    </header><!-- .entry-header -->
                        
                      <p>Il consiglio di lettura di Eligio Daniele Castrizio, docente del Dipartimento di Civiltà antiche e moderne dell&#8217;Università di Messina, per essere cittadini europei più consapevoli.</p>
                                        <!-- <a href="https://europedirect.reggiocal.it/storiecircolari/2022/01/05/daniele-castrizio-un-green-deal-europeo/" title="Daniele Castrizio: un Green Deal europeo" class="btn btn-secondary btn-sm">Leggi tutto</a> -->
                    <p><a class="btn btn-outline-primary btn-xs" href="https://europedirect.reggiocal.it/storiecircolari/category/green-deal/">Green Deal</a> </p>
                  </div>
                                  </article><!-- #post-## -->

                
                <article id="post-1" class="row post-1 post type-post status-publish format-standard hentry category-green-deal" > 

                  <div class="col-md novita-testo">
                    <header class="entry-header">
                      <h2>
                        <a href="https://europedirect.reggiocal.it/storiecircolari/2022/01/04/gabriele-checchia-green-deal-europeo/" title="Gabriele Checchia: Un Green Deal europeo">
                          Gabriele Checchia: Un Green Deal europeo                        </a>
                      </h2>
                    </header><!-- .entry-header -->
                        
                      <p>Il consiglio di lettura di Gabriele Checcia, già ambasciatore d&#8217;Italia OCSE e NATO, per essere cittadini europei più consapevoli sui temi del Green Deal europeo.</p>
                                        <!-- <a href="https://europedirect.reggiocal.it/storiecircolari/2022/01/04/gabriele-checchia-green-deal-europeo/" title="Gabriele Checchia: Un Green Deal europeo" class="btn btn-secondary btn-sm">Leggi tutto</a> -->
                    <p><a class="btn btn-outline-primary btn-xs" href="https://europedirect.reggiocal.it/storiecircolari/category/green-deal/">Green Deal</a> </p>
                  </div>
                                  </article><!-- #post-## -->

                
                <article id="post-1226" class="row post-1226 post type-post status-publish format-standard hentry category-green-deal" > 

                  <div class="col-md novita-testo">
                    <header class="entry-header">
                      <h2>
                        <a href="https://europedirect.reggiocal.it/storiecircolari/2021/11/29/ridurre-al-minimo-e-ridurre-alla-fonte/" title="Ridurre al minimo e ridurre alla fonte">
                          Ridurre al minimo e ridurre alla fonte                        </a>
                      </h2>
                    </header><!-- .entry-header -->
                        
                      <p>Ridurre significa innanzitutto utilizzare meno risorse e produrre meno rifiuti. In altre parole occorre ridurre al minimo gli scarti anche alla fonte. La riduzione dei &#8230; </p>
                                        <!-- <a href="https://europedirect.reggiocal.it/storiecircolari/2021/11/29/ridurre-al-minimo-e-ridurre-alla-fonte/" title="Ridurre al minimo e ridurre alla fonte" class="btn btn-secondary btn-sm">Leggi tutto</a> -->
                    <p><a class="btn btn-outline-primary btn-xs" href="https://europedirect.reggiocal.it/storiecircolari/category/green-deal/">Green Deal</a> </p>
                  </div>
                                  </article><!-- #post-## -->

                
                <article id="post-1134" class="row post-1134 post type-post status-publish format-standard hentry category-green-deal" > 

                  <div class="col-md novita-testo">
                    <header class="entry-header">
                      <h2>
                        <a href="https://europedirect.reggiocal.it/storiecircolari/2021/11/29/un-green-deal-europeo/" title="Un Green Deal europeo">
                          Un Green Deal europeo                        </a>
                      </h2>
                    </header><!-- .entry-header -->
                        
                      <p>I cambiamenti climatici e il degrado ambientale sono una minaccia enorme per l&#8217;Europa e il mondo. Per superare queste sfide, il Green Deal europeo trasformerà &#8230; </p>
                                        <!-- <a href="https://europedirect.reggiocal.it/storiecircolari/2021/11/29/un-green-deal-europeo/" title="Un Green Deal europeo" class="btn btn-secondary btn-sm">Leggi tutto</a> -->
                    <p><a class="btn btn-outline-primary btn-xs" href="https://europedirect.reggiocal.it/storiecircolari/category/green-deal/">Green Deal</a> </p>
                  </div>
                                  </article><!-- #post-## -->

                
                <article id="post-1150" class="row post-1150 post type-post status-publish format-standard hentry category-green-deal" > 

                  <div class="col-md novita-testo">
                    <header class="entry-header">
                      <h2>
                        <a href="https://europedirect.reggiocal.it/storiecircolari/2021/11/26/mappar3-mappatura-partecipata-per-promuovere-uno-stile-di-vita-piu-sostenibile/" title="MappaR3, mappatura partecipata per promuovere uno stile di vita più sostenibile">
                          MappaR3, mappatura partecipata per promuovere uno stile di vita più sostenibile                        </a>
                      </h2>
                    </header><!-- .entry-header -->
                        
                      <p>Lo Europe Direct di Reggio Calabria in collaborazione con Differenziamoci Differenziando, Fare Eco e Udicon in occasione della SERR (Settimana Europea per la Riduzione dei &#8230; </p>
                                        <!-- <a href="https://europedirect.reggiocal.it/storiecircolari/2021/11/26/mappar3-mappatura-partecipata-per-promuovere-uno-stile-di-vita-piu-sostenibile/" title="MappaR3, mappatura partecipata per promuovere uno stile di vita più sostenibile" class="btn btn-secondary btn-sm">Leggi tutto</a> -->
                    <p><a class="btn btn-outline-primary btn-xs" href="https://europedirect.reggiocal.it/storiecircolari/category/green-deal/">Green Deal</a> </p>
                  </div>
                                  </article><!-- #post-## -->

                		</div>
				</div>
					</div>
		</div>
					</div>
		</section>
				</div>
